 4 = 0, -5*f = -0*l - l - 31. Let u = j - l. Calculate the remainder when u is divided by 6.
3
Let m(g) = g**3 + 5*g**2 + 24*g + 44. Calculate the remainder when 2965 is divided by m(-2).
5
Suppose 0 = 27*q - 26767 + 4276. What is the remainder when q is divided by 93?
89
Suppose -1080 = -8*n - 216. What is the remainder when n is divided by 30?
18
Suppose -5*q = 45 - 10. Let w(j) = j**3 + 7*j**2 - 3*j - 8. Calculate the remainder when 22 is divided by w(q).
9
Calculate the remainder when 215 is divided by (80 - 5)/(-15) + (-146)/(-2).
11
Let z(u) = -21*u - 6. Let x be 11/(44/8) - 3. Calculate the remainder when 73 is divided by z(x).
13
Let z(o) be the third derivative of -5*o**4/24 - o**3 - 10*o**2. Calculate the remainder when 68 is divided by z(-4).
12
Suppose -359 = -b - 2*l, 4*b - 3*l - 1984 + 493 = 0. What is the remainder when b is divided by 93?
90
Let h(v) = 2*v**3 - v**2 + 4*v - 13. Calculate the remainder when 75 is divided by h(2).
5
Let x(m) = m**2 - m + 6. Suppose -v - 2*y = 7, -2*v + 5*y - 7 = -v. What is the remainder when x(v) is divided by 32?
30
Let f(w) = 2*w**3 - 10*w**2 + 10*w - 3. Let y be f(6). Let n = y + -53. What is the remainder when n is divided by 26?
24
Suppose 2*t - 260 = 4*h, 3*t - 577 = -2*h - 187. Let d = t - 45. What is the remainder when d is divided by 29?
27
Let u = -10 - -41. Let n be 324/(6/2) - 0/(-7). Let o = n + -49. Calculate the remainder when o is divided by u.
28
Let f(m) = -m**3 + 9*m**2 - 7*m + 8. Calculate the remainder when 286 is divided by f(6).
64
Let x(g) = -g + 20. Suppose 0 = t - 8 + 6. Suppose -82 = -t*i + 76. What is the remainder when i is divided by x(0)?
19
Let p(c) = c**2 + 10*c + 40. Suppose 2*t - 7*t = -q - 11, 5*q - 5*t + 35 = 0. What is the remainder when 57 is divided by p(q)?
9
Let x = 1050 - 385. What is the remainder when x is divided by 112?
105
Let y(x) = 16*x**2 + 2*x + 1. Calculate the remainder when y(-3) is divided by 75.
64
What is the remainder when 49 is divided by 4*((-2)/6)/(6/(-63))?
7
Let a be 0 - (-1)/(6/(-18)). What is the remainder when 184 is divided by a + (-130)/(-2) + 0/2?
60
Suppose 0 = -3*j - 19 - 8. Let n = j - -13. Let s(t) = 2*t**2 + 4*t + 1. What is the remainder when s(-3) is divided by n?
3
Let l = -228 + 235. What is the remainder when 95 is divided by l?
4
Suppose -27*r + 32 = -25*r. What is the remainder when r is divided by 5*(8/(-20) + 1)?
1
Let s(c) = 3*c**2. Let n be s(1). Suppose n*d = 8*d - 195. Let a = 255 + -245. What is the remainder when d is divided by a?
9
Suppose 2*b - 6*r - 102 = -5*r, -4*r - 143 = -3*b. Calculate the remainder when b is divided by 53.
0
Let r = 136 - 56. Let w = -66 + r. Suppose 16 + 11 = d. Calculate the remainder when d is divided by w.
13
Let m = -47 - -52. Suppose 3*h + a = -a + 116, 0 = 5*a - m. What is the remainder when h is divided by 14?
10
Let t(d) = 33*d**2 + d. Let g be t(1). Suppose g = 3*o + 2*p - 228, 2*o - 183 = -3*p. Calculate the remainder when o is divided by 29.
26
Let m(c) = -2*c**3 - 2*c**2 - 2*c - 3. Suppose -60 = 4*x - 7*x. Suppose -18*b = -x*b + 70. What is the remainder when b is divided by m(-2)?
8
Suppose 228 = 6*h + 126. What is the remainder when 99 is divided by h?
14
Suppose 0 = -0*q + q + 2*w - 13, 19 = -2*q + 5*w. Let m = 82 + -79. What is the remainder when q is divided by m?
0
What is the remainder when 129 is divided by 13/((-338)/39)*44/(-2)?
30
Suppose 3*p - 23 = -5*y, 21 = 5*y - y + 5*p. Let s(w) be the third derivative of 11*w**5/60 - w**4/24 - w**2. What is the remainder when s(1) is divided by y?
2
Suppose -369 - 63 = -12*q. Let d = -151 - -220. Calculate the remainder when d is divided by q.
33
Suppose 0*h - 2*h = b - 50, 3*b - 104 = -4*h. Let o be (-6)/(2 + -3 - 1). Let z = o - -10. Calculate the remainder when h is divided by z.
10
Let w(t) be the third derivative of -t**5/60 + 3*t**4/8 + 23*t**3/6 - 23*t**2. What is the remainder when w(10) is divided by 7?
6
Suppose 0 = -4*n + 9*n - 80. Let k be 1*2/(-1) + 2. Suppose -4*o = -2*b - 242, k*b + 2*b = -2*o + 130. What is the remainder when o is divided by n?
14
Let f be -4*(23/4 - 18/6). Calculate the remainder when 8 - 5 - 2*f is divided by 9.
7
Suppose 8 = 2*o - 0*o. Suppose 0 = -i + o*c + 15, 5*c + 18 = -0*i + i. Calculate the remainder when 10 is divided by i/(3/5) - -1.
4
Suppose 3*z - 14 = 34. Suppose -z - 10 = -2*l. Let b(p) = -2*p - 19. Calculate the remainder when l is divided by b(-13).
6
Let v = 512 - 488. What is the remainder when 76 is divided by v?
4
Let r = -13 - -46. What is the remainder when r is divided by 106/6 - 32/(-96)?
15
Let c = 3 - 2. Let y = 1 - c. Suppose q = -4*s + 63, s = -y*q - 3*q + 2. Calculate the remainder when s is divided by 9.
8
Let b(t) = 3*t**3 - 11*t**2 + 16*t - 4. What is the remainder when b(3) is divided by 4/(-10) - 74/(-10)?
5
Suppose 2*c - 2 = -5*o, 0 = 4*o - 5*c + 2*c + 3. Suppose 53*f - 51*f - 70 = o. What is the remainder when f is divided by (23 + 1)*(-3)/(-6)?
11
Let s be 2 + (3 + 1 - 10) + 7. Suppose 3*n = -2*d + 32, -3*n + 48 = 2*n + 2*d. What is the remainder when (-8 + 5)*(-31)/s is divided by n?
7
Let y be 2 - (0 + 196 - -2). Let i be y/(-8)*2 + -2. Suppose -85 = -4*q + i. Calculate the remainder when q is divided by 9.
6
Let l = 102 + -70. Calculate the remainder when 349 is divided by l.
29
Let n be (2/((-4)/45))/((-17)/102). Let q = n + -132. Let f(z) = z**2 + 2*z - 1. What is the remainder when f(-4) is divided by q?
1
Let b(x) = -3*x**3 - 13*x**2 + 11*x - 2. What is the remainder when 224 is divided by b(-6)?
0
Let n = 5 - 0. Let y be (-4)/6 - (-34)/6. Suppose 10*f - 65 = y*f. Calculate the remainder when f is divided by n.
3
Calculate the remainder when 8/6*-6*(-70)/7 is divided by 71.
9
Suppose 5*v = -4*p + 171, 3*p - 178 = 5*v - 6. What is the remainder when p is divided by 8?
1
Let p = 29 + -13. Let d = p + -5. Suppose 0*j = -j + d. Calculate the remainder when 19 is divided by j.
8
Suppose 166 + 250 = 4*x. Suppose 5*q - x = -29. Suppose -3*s + 2*s + 3*c = 8, -2*c + 16 = 2*s. What is the remainder when q is divided by s?
3
Let t(a) = -23*a + 322. Suppose -40 = -4*y - y. What is the remainder when t(13) is divided by y?
7
Let w = 50 + -36. Let y = 21 - w. Suppose 2*s - o - 3 + 0 = 0, -5*s + 2*o = -y. Calculate the remainder when s is divided by 1.
0
Suppose s + 6 + 3 = -2*h, 5*h = 4*s - 29. Let w = 22 - s. What is the remainder when 40 is divided by w?
19
Suppose -3*f = 3*z, 5*f + 3*z + 9 = z. Let a = 8 + 13. What is the remainder when a is divided by 3/(-3)*f - -3?
3
Let i(k) = 182*k + 1406. Calculate the remainder when i(-6) is divided by 156.
2
Let d = 48 + -31. Suppose -u + 4 = 0, -5*p + 5*u = 11 + 24. Calculate the remainder when d is divided by (-32)/p - 12/18.
7
Let y = -1962 + 2021. Calculate the remainder when y is divided by 13.
7
Let c be 1*-4 - (-16)/(10 + -6). Suppose 3*b + 297 = 3*g, c = 5*g - 2*g - 2*b - 293. Calculate the remainder when g is divided by 14.
11
Suppose 818*o - 361 = 799*o. Suppose -8 = 4*k, -3*x - k - k = -26. Calculate the remainder when o is divided by x.
9
Let x = -102 + 131. What is the remainder when 231 is divided by x?
28
Suppose 6 = r - 6. Let a be ((-13)/2)/(4/(-24)). Suppose -102 = -5*n + m, -3*m - 15 = -3*n + a. Calculate the remainder when n is divided by r.
9
What is the remainder when 153 is divided by ((-4)/5)/((1 + -13)/600)?
33
Suppose -3*o - o + 384 = 0. Suppose 10*t - r = 8*t + 53, r = t - 28. What is the remainder when o is divided by t?
21
Suppose -10*z - 659 = -1759. What is the remainder when z is divided by 1/(2/4)*14?
26
Suppose -3*q + 5*t + 697 = 7, 4*t - 952 = -4*q. What is the remainder when q is divided by 30?
25
Suppose 9*y - 1756 - 458 = 0. What is the remainder when y is divided by 62?
60
Let h = 239 + -199. Calculate the remainder when 75 is divided by h.
35
Suppose -45*j + 2632 = -5738. What is the remainder when j is divided by 17?
16
Suppose 24*n = 2*n + 2112. What is the remainder when n is divided by 25?
21
Suppose -3*z + 5*h = -0*z - 141, -2*z = -2*h - 90. Suppose t + 2*s - z = 0, -2*s - 3*s = 3*t - 122. Calculate the remainder when t is divided by 13.
8
Let g be (112 + 2)*-2 + 2. Let v be (1/(-1))/(2/g). Let i = 176 - v. Calculate the remainder when i is divided by 22.
19
Suppo